{"id":468,"date":"2025-06-21T12:46:49","date_gmt":"2025-06-21T17:46:49","guid":{"rendered":"https:\/\/ocobosesp.com\/?page_id=468"},"modified":"2025-06-21T12:53:23","modified_gmt":"2025-06-21T17:53:23","slug":"condiciones-de-uso-y-politicas-de-privacidad","status":"publish","type":"page","link":"https:\/\/ocobosesp.com\/index.php\/condiciones-de-uso-y-politicas-de-privacidad\/","title":{"rendered":"Condiciones de uso y Pol\u00edticas de privacidad"},"content":{"rendered":"\n<div style=\"height:65px\" aria-hidden=\"true\" class=\"wp-block-spacer\"><\/div>\n\n\n\n<p>OCOBOS SAS ESP dando cumplimiento a los art\u00edculos 15 y 20 de la Constituci\u00f3n Pol\u00edtica de Colombia, a la Ley Estatutaria N\u00ba1581 de 2012, sus Decretos Reglamentarios y el desarrollo jurisprudencia! dado por la Corte Constitucional, garantiza de forma integral la protecci\u00f3n y el ejercicio del derecho fundamental de Habeas Data a todos los titulares de datos personales con los cuales tenga relaci\u00f3n, sea como responsable o sea como encargada de su tratamiento, seg\u00fan corresponda.<\/p>\n\n\n\n<p>Este documento contiene las pol\u00edticas de tratamiento de la informaci\u00f3n de datos personales para ser aplicado en el manejo de las bases de datos personales que de manera general tengan relaci\u00f3n con OCOBOS SAS ESP y con terceros, en los t\u00e9rminos que determina la Ley.<\/p>\n\n\n\n<p>OCOBOS SAS ESP en cumplimiento de la legislaci\u00f3n vigente, adopta y hace p\u00fablico a todos los interesados la presente pol\u00edtica la cual contiene los lineamientos y elementos esenciales para el cumplimiento con la legislaci\u00f3n de Protecci\u00f3n de Datos Personales.<\/p>\n\n\n\n<p>OCOBOS SAS ESP, en aras de dar cumplimiento con lo establecido en esta pol\u00edtica, ha dispuesto como canal de atenci\u00f3n para cualquier asunto relacionado con la protecci\u00f3n de datos personales sus oficinas ubicadas en la Av Calle 26 N\u00ba 51 &#8211; 53 en Bogot\u00e1 D.C., Colombia; Tel\u00e9fono: 7490000 o a la l\u00ednea gratuita 018000911899.<\/p>\n\n\n\n<p><strong>1. Responsable del Tratamiento:<\/strong>&nbsp;OCOBOS SAS ESP, Empresa privada, domiciliada en la ciudad de IBAGUE., identificada con el NIT. 901.654.481-4 con correo electr\u00f3nico&nbsp;<a href=\"mailto:ocobosesp@gmail.com.\">ocobosesp@gmail.com.<\/a><\/p>\n\n\n\n<p><strong>2. Descripci\u00f3n General:<\/strong>&nbsp;OCOBOS SAS ESP, de conformidad con lo dispuesto en la Constituci\u00f3n Pol\u00edtica de Colombia, la Ley Estatutaria N\u00ba1581 de Octubre 17 de 2012, el Decreto Reglamentario 1377 de Junio 27 de 2013 ahora adoptado en el Decreto \u00fanico N\u00ba1074 de Mayo 26 de 2015 y&nbsp;dem\u00e1s disposiciones complementarias, adopta la Pol\u00edtica de Tratamiento de la informaci\u00f3n de Datos Personales, la cual ser\u00e1 aplicada por OCOBOS SAS ESP del Departamento, respecto de la recolecci\u00f3n, almacenamiento, uso, circulaci\u00f3n, supresi\u00f3n y de las diferentes actividades que constituyan tratamiento de datos personales (En adelante el Responsable del Tratamiento).<\/p>\n\n\n\n<p><strong>3. \u00c1mbito de aplicaci\u00f3n.&nbsp;<\/strong>Esta pol\u00edtica se aplicar\u00e1 al tratamiento de los datos de car\u00e1cter personal, registrados en cualquier Base de Datos que recoja, recopile, administre, circule y maneje OCOBOS SAS ESP en forma presencial, no presencial y\/o virtual de sus funcionarios y\/o empleados, candidatos a funcionarios , ex funcionarios, contratistas, clientes, usuarios, proveedores, empleados de sus contratistas y\/o dem\u00e1s terceras personas con las cuales tengan cualquier tipo de relaci\u00f3n de acuerdo a lo establecido en la Ley 1581 de 2012 y el Decreto 1377 de 2013 ahora adoptado en el Decreto \u00fanico 1074 de 2015.<\/p>\n\n\n\n<p><strong>4. Definiciones.<\/strong>&nbsp;Para dar aplicaci\u00f3n a lo dispuesto en la presente Pol\u00edtica, se entiende por:<\/p>\n\n\n\n<ul>\n<li><strong>Autorizaciones<\/strong>: Es el consentimiento dado por el due\u00f1o o titular de informaci\u00f3n que se pretende incluir en una base de datos, dicha autorizaci\u00f3n debe informarle cu\u00e1les datos personales ser\u00e1n recolectados, as\u00ed como las finalidades para las cuales ser\u00e1 usado el dato.<\/li>\n\n\n\n<li><strong>Aviso de privacidad:&nbsp;<\/strong>Comunicaci\u00f3n verbal o escrita generada por OCOBOS SAS ESP o cualquier tercero designado por \u00e9ste \u00faltimo para los efectos, dirigida al Titular para el tratamiento de sus datos personales, mediante la cual se le informa acerca de la existencia de las pol\u00edticas de tratamiento de informaci\u00f3n que le ser\u00e1n aplicables, la forma de acceder a las mismas y las finalidades del tratamiento que se pretende dar a los datos personales.<\/li>\n\n\n\n<li><strong>Base de Datos o Banco de Datos:<\/strong>&nbsp;Es el conjunto organizado de datos personales que sean objeto del tratamiento.<\/li>\n\n\n\n<li><strong>Dato Personal:&nbsp;<\/strong>Cualquier informaci\u00f3n vinculada o que pueda asociarse a una o varias personas naturales determinadas o determinables. Para efectos de OCOBOS SAS ESP ser\u00e1n datos personales aquellos suministrados por los Titulares, cuando acceden a los bienes o servicios que ofrece la entidad o con ocasi\u00f3n de los mismos, entre otros los siguientes: Nombre (s), apellidos, edad, sexo, estado civil, correo electr\u00f3nico, direcci\u00f3n de correspondencia o&nbsp;residencia, n\u00famero de tel\u00e9fono, n\u00famero de celular, fecha de nacimiento, profesi\u00f3n, ciudad, pa\u00eds y dem\u00e1s datos que sean solicitados en el proceso de registro o en cualquier momento por parte de OCOBOS SAS ESP , los cuales en ning\u00fan caso ser\u00e1n de car\u00e1cter sensible en los t\u00e9rminos de la ley.<\/li>\n\n\n\n<li><strong>Dato sensible:&nbsp;<\/strong>Se entiende por datos sensibles aquellos que afectan la intimidad del Titular o cuyo uso indebido puede generar su discriminaci\u00f3n, tales como aquellos que revelen el origen racial o \u00e9tnico, la orientaci\u00f3n pol\u00edtica, las&nbsp;convicciones religiosas o filos\u00f3ficas, la pertenencia a sindicatos, organizaciones sociales, de derechos humanos o que promueva intereses de cualquier partido pol\u00edtico o que garanticen los derechos y garant\u00edas de partidos pol\u00edticos de oposici\u00f3n, as\u00ed como los datos relativos a la salud, a la vida sexual, y los datos biom\u00e9tricos.<\/li>\n\n\n\n<li><strong>Encargado del Tratamiento:<\/strong>&nbsp;Es la persona natural o jur\u00eddica, p\u00fablica o privada, que por s\u00ed misma o en asocio con otros realiza el tratamiento de datos personales en virtud de la delegaci\u00f3n o mandato por parte del Responsable. Entre dichos encargos se encuentran la obtenci\u00f3n de autorizaciones por parte de los ciudadanos y la verificaci\u00f3n de cumplimiento de la finalidad en la recolecci\u00f3n por parte de la Entidad.<\/li>\n\n\n\n<li><strong>Habeas Data:&nbsp;<\/strong>Derecho fundamental de toda persona para conocer, actualizar, rectificar y\/o cancelar la informaci\u00f3n y datos personales que de ella se hayan recolectado y\/o se traten en bases de datos p\u00fablicas o privadas, conforme lo dispuesto en la ley y dem\u00e1s normatividad aplicable.<\/li>\n\n\n\n<li>Dato semiprivado: Es aquella informaci\u00f3n que no es de naturaleza \u00edntima, reservada ni p\u00fablica y cuyo conocimiento o divulgaci\u00f3n puede interesar no s\u00f3lo a su titular sino a cierto sector o grupo de personas o a la sociedad en general, como es el caso de los datos financieros, crediticios \u00f3 actividades comerciales.<\/li>\n\n\n\n<li><strong>Dato privado:<\/strong>&nbsp;Es la informaci\u00f3n de naturaleza \u00edntima o reservada que por encontrarse en un \u00e1mbito privado, s\u00f3lo puede ser obtenida y ofrecida por orden de autoridad judicial en el cumplimiento de sus funciones, as\u00ed como por decisi\u00f3n del titular de los mismos. Es el caso de los libros de los comerciantes, de los documentos privados, de las historias cl\u00ednicas o de la informaci\u00f3n extra\u00edda a partir de la inspecci\u00f3n del domicilio.<\/li>\n\n\n\n<li><strong>Responsable del Tratamiento:<\/strong>&nbsp;Persona natural o jur\u00eddica, p\u00fablica o privada, que por s\u00ed misma o en asocio con otros, decida sobre la base de datos y\/o el Tratamiento de los datos. entendiendo por tratamiento &#8220;Cualquier&nbsp; operaci\u00f3n&nbsp; o&nbsp; conjunto&nbsp; de&nbsp; operaciones&nbsp; sobre&nbsp; datos&nbsp;personales, tales como la recolecci\u00f3n, almacenamiento, uso, circulaci\u00f3n o supresi\u00f3n&#8221;. Tiene entre sus actividades las de: i) definir la finalidad y la forma en que se almacenan, recolectan y administran los datos, ii) solicitar y conservar la autorizaci\u00f3n en la que conste el consentimiento y sin estar vinculadas a otro tipo de informaci\u00f3n.<\/li>\n<\/ul>\n\n\n\n<p><strong>5. Principios.&nbsp;<\/strong>OCOBOS SAS ESP definir\u00e1 su pol\u00edtica de tratamiento de datos personales teniendo en cuenta los siguientes principios:<\/p>\n\n\n\n<ul>\n<li><strong>Principio de finalidad:<\/strong>&nbsp;El tratamiento de datos personales debe obedecer a una finalidad leg\u00edtima de acuerdo con la Constituci\u00f3n Pol\u00edtica de Colombia y la ley, la cual debe ser informada al Titular.<\/li>\n\n\n\n<li><strong>Principio de libertad:<\/strong>&nbsp;El tratamiento s\u00f3lo puede ejercerse con el consentimiento, previo, expreso e informado del Titular. Los datos personales no podr\u00e1n ser obtenidos o divulgados sin previa autorizaci\u00f3n, o en ausencia de mandato legal o judicial que releve el consentimiento.<\/li>\n\n\n\n<li><strong>Principio de veracidad o calidad:<\/strong>&nbsp;La informaci\u00f3n sujeta a tratamiento debe ser veraz, completa, exacta, actualizada, comprobable y comprensible. Se proh\u00edbe el tratamiento de datos parciales, incompletos, fraccionados o que induzcan a error.<\/li>\n\n\n\n<li><strong>Principio de transparencia:<\/strong>&nbsp;En el tratamiento debe garantizarse el derecho del Titular a obtener en cualquier momento y sin restricciones, informaci\u00f3n acerca de la existencia de datos que le conciernan.<\/li>\n\n\n\n<li>Principio de acceso y circulaci\u00f3n restringida: Los Datos Personales, salvo la informaci\u00f3n p\u00fablica, no podr\u00e1n estar disponibles en Internet u otros medios de divulgaci\u00f3n o comunicaci\u00f3n masiva, salvo que el acceso sea t\u00e9cnicamente controlable para brindar un conocimiento restringido s\u00f3lo a los Titulares o terceros autorizados conforme a la Ley.<\/li>\n\n\n\n<li><strong>Principio de seguridad:<\/strong>&nbsp;La informaci\u00f3n sujeta a Tratamiento, se deber\u00e1 manejar con las medidas t\u00e9cnicas, humanas y administrativas que sean necesarias para otorgar seguridad a los registros evitando su adulteraci\u00f3n, p\u00e9rdida, consulta, uso o acceso no autorizado o fraudulento.<\/li>\n\n\n\n<li><strong>Principio de confidencialidad:<\/strong>&nbsp;Todas las personas que intervengan en el Tratamiento de Datos Personales est\u00e1n obligadas a garantizar la reserva de la informaci\u00f3n, inclusive despu\u00e9s de finalizada su relaci\u00f3n con alguna de las&nbsp;labores que comprende el tratamiento, pudiendo s\u00f3lo realizar suministro o comunicaci\u00f3n de datos personales cuando ello corresponda al desarrollo de las actividades expresamente autorizadas en la Ley.<\/li>\n<\/ul>\n\n\n\n<p><strong>6. Tratamiento de datos personales:<\/strong><\/p>\n\n\n\n<p><strong>Tratamiento de datos p\u00fablicos:<\/strong>&nbsp;OCOBOS SAS ESP, advierte que, trata sin previa autorizaci\u00f3n del Titular los datos personales de naturaleza p\u00fablica como los contenidos en los registros p\u00fablicos. Esta situaci\u00f3n no implica que no se adopten las medidas necesarias que garanticen el cumplimiento de otros principios obligaciones contempladas en la Ley 1581 de 2012 y dem\u00e1s normas que regule esta materia.<\/p>\n\n\n\n<p><strong>Tratamiento de datos sensibles:&nbsp;<\/strong>Solo trata datos personales sensibles para lo estrictamente necesario, solicitando consentimiento previo y expreso a los titulares (representantes legales, apoderados, causahabientes) e inform\u00e1ndoles sobre la finalidad exclusiva para su tratamiento. OCOBOS SAS ESP, utiliza y trata datos catalogados como sensibles, cuando:<\/p>\n\n\n\n<ul>\n<li>El tratamiento haya sido autorizado expresamente por el Titular de los datos sensibles, salvo en los casos que por Ley, no se requiera el otorgamiento de dicha autorizaci\u00f3n.<\/li>\n\n\n\n<li>El Tratamiento sea necesario para salvaguardar el inter\u00e9s vital del titular y \u00e9ste se encuentre f\u00edsica o jur\u00eddicamente incapacitado. En estos eventos, los representantes legales deber\u00e1n otorgar la autorizaci\u00f3n.<\/li>\n\n\n\n<li>El Tratamiento se refiera a datos que sean necesarios para el reconocimiento, ejercicio o defensa de un derecho en un proceso judicial.<\/li>\n\n\n\n<li>El Tratamiento tenga una finalidad hist\u00f3rica, estad\u00edstica o cient\u00edfica o, dentro del marco de procesos de mejoramiento; este \u00faltimo, siempre y cuando se adopten las medidas conducentes a la supresi\u00f3n de identidad de los Titulares o el dato este disociado, es decir, el dato sensible sea separado de la identidad del titular y no sea identificable o no se logre identificar a la persona Titular del dato o datos sensibles.<\/li>\n<\/ul>\n\n\n\n<p>En adici\u00f3n a lo anterior, OCOBOS SAS ESP cumple con las siguientes obligaciones:<\/p>\n\n\n\n<ul>\n<li>Informar al titular que por tratarse de datos sensibles no est\u00e1 obligado a autorizar su tratamiento.<\/li>\n\n\n\n<li>Informar al titular de forma expl\u00edcita y previa, adem\u00e1s de los requisitos generales de la autorizaci\u00f3n para la recolecci\u00f3n de cualquier tipo de dato personal, cu\u00e1les datos objeto de Tratamiento son de car\u00e1cter sensible y la finalidad del tratamiento, y obtener el consentimiento expreso.<\/li>\n\n\n\n<li>No condicionar ninguna actividad a que el titular suministre datos personales sensibles (salvo que exista una causa legal o contractual para hacerlo.<\/li>\n<\/ul>\n\n\n\n<p><strong>Tratamiento de datos de menores:<\/strong>&nbsp;OCOBOS SAS ESP solo trata datos personales de los ni\u00f1os, ni\u00f1as y adolescentes cuando estos sean de naturaleza p\u00fablica o provengan de informaci\u00f3n suministrada por funcionarios o contratistas al momento de su vinculaci\u00f3n laboral o de prestaci\u00f3n de servicios con la entidad. De igual forma, se debe tener en cuenta que aunque la Ley 1581 de 2012, proh\u00edbe el tratamiento de datos personales de los ni\u00f1os, ni\u00f1as y adolescentes, salvo aquellos que por su naturaleza son p\u00fablicos, la Corte Constitucional precis\u00f3 que independientemente de la naturaleza del dato, se puede realizar el tratamiento de \u00e9stos &#8221; siempre y cuando el fin que se persiga con dicho tratamiento responda al inter\u00e9s superior de los ni\u00f1os, ni\u00f1as y adolescentes y se asegure sin excepci\u00f3n alguna el respeto a sus derechos preva\/entes&#8221;.<\/p>\n\n\n\n<p>De acuerdo con lo anterior, este tipo de datos ser\u00e1n tratados seg\u00fan las siguientes directrices:<\/p>\n\n\n\n<ul>\n<li>Que responda y respete el inter\u00e9s superior de los ni\u00f1os, ni\u00f1as y adolescentes.<\/li>\n\n\n\n<li>Que se asegure el respeto de sus derechos fundamentales.<\/li>\n\n\n\n<li>&nbsp;<\/li>\n<\/ul>\n\n\n\n<p><strong>7. Finalidad del tratamiento y de la recolecci\u00f3n de los datos personales:<\/strong><\/p>\n\n\n\n<p>De manera general, OCOBOS SAS ESP realiza el tratamiento de datos personales en ejercicio propio de sus funciones legales, en ese sentido podr\u00e1 tratar los datos personales, entre otros para recolectar, almacenar, usar, depurar, analizar, circular, transmitir o transferir directa o indirectamente datos personales del titular, tales como: a: Nombre, apellidos, edad, sexo, estado civil, correo electr\u00f3nico, direcci\u00f3n de correspondencia o residencia, n\u00famero de tel\u00e9fono, n\u00famero de celular, fecha de nacimiento, profesi\u00f3n, ciudad, pa\u00eds y dem\u00e1s datos que sean solicitados en el proceso de registro o&nbsp;o de terceros, la implementaci\u00f3n de una estrategia global de marketing destinada a actos de promoci\u00f3n y publicidad de los productos, servicios, ofertas, promociones, invitaciones, premios, programas, campa\u00f1as, entre otras.<\/p>\n\n\n\n<ul>\n<li>Evaluar la calidad de los servicios prestados por la entidad y en general para la actualizaci\u00f3n de datos y dem\u00e1s actividades de mercadeo, publicidad, marketing y administraci\u00f3n necesarias para el cabal desarrollo de la misi\u00f3n de la entidad.<\/li>\n\n\n\n<li>Establecer comunicaci\u00f3n entre OCOBOS SAS ESP y el Titular para cualquier prop\u00f3sito relacionado con las finalidades que se establecen en la presente pol\u00edtica, ya sea mediante llamadas, mensajes de texto, correos electr\u00f3nicos, f\u00edsicos y\/o cualquier medio de comunicaci\u00f3n.\n<ul>\n<li>Auditar, estudiar, analizar y utilizar la informaci\u00f3n de la Base de Datos para dise\u00f1ar, implementar y desarrollar programas, proyectos y eventos.<\/li>\n<\/ul>\n<\/li>\n\n\n\n<li>Auditar, estudiar, analizar y utilizar la informaci\u00f3n de la Base de Datos para la socializaci\u00f3n de pol\u00edticas, proyectos, programas, resultados y cambios organizacionales.<\/li>\n<\/ul>\n\n\n\n<ul>\n<li>Ofrecer servicios.<\/li>\n\n\n\n<li>Evaluar los h\u00e1bitos o necesidades de los Titulares, hacer an\u00e1lisis y\/o segmentaci\u00f3n de mercado y\/o estad\u00edsticos.<\/li>\n\n\n\n<li>Solicitar la opini\u00f3n del Titular sobre servicios prestados por la entidad.<\/li>\n\n\n\n<li>Llevar a cabo an\u00e1lisis de mercado y con fines estad\u00edsticos.<\/li>\n\n\n\n<li>Cuando la informaci\u00f3n&nbsp; deba ser revelada&nbsp; para cumplir con leyes, regulaciones o procesos legales, para asegurar el cumplimiento de los t\u00e9rminos y condiciones, para detener o prevenir fraudes, ataques a la seguridad de OCOBOS SAS ESP o de otros, prevenir problemas t\u00e9cnicos o proteger los derechos de otros como lo requieran los t\u00e9rminos y condiciones de Ley.<\/li>\n\n\n\n<li>Los dem\u00e1s descritos en la presente pol\u00edtica o en la Ley.<\/li>\n<\/ul>\n\n\n\n<p>Los datos personales que sean suministrados por el titular ser\u00e1n tratados y utilizados solamente para las finalidades aqu\u00ed previstas, y por tanto, OCOBOS SAS ESP no proceder\u00e1 a vender, licenciar o divulgar los mismos, salvo las excepciones consagradas en la ley. De igual modo, la informaci\u00f3n suministrada por el titular podr\u00e1 ser compartida con agencias, encargados de la informaci\u00f3n, proveedores de servicios y terceros en general que presten servicios a OCOBOS SAS ESP o a terceros en nuestro nombre.<\/p>\n\n\n\n<p>OCOBOS SAS ESP no solicita, ni realiza tratamiento sobre datos sensibles.<\/p>\n\n\n\n<p>OCOBOS SAS ESP garantizar\u00e1 los mecanismos a trav\u00e9s de los cuales hace uso de los datos personales sean seguros y confidenciales, ya que cuentan con mecanismos de seguridad inform\u00e1tica y los medios tecnol\u00f3gicos id\u00f3neos para asegurar que sean almacenados de manera tal que se impida el acceso indeseado por parte de terceras personas.<\/p>\n\n\n\n<p><strong>8. Autorizaci\u00f3n.&nbsp;<\/strong>La recolecci\u00f3n, almacenamiento, el uso, depuraci\u00f3n, an\u00e1lisis, circulaci\u00f3n, transmisi\u00f3n o transferencia, circulaci\u00f3n o supresi\u00f3n de Datos Personales por parte de OCOBOS SAS ESP requiere siempre del consentimiento previo, expreso e informado del Titular de aquellos.<\/p>\n\n\n\n<p>En cumplimiento de la legislaci\u00f3n vigente, OCOBOS SAS ESP ha dispuesto los siguientes mecanismos para obtener la autorizaci\u00f3n o ratificaci\u00f3n por parte de los Titulares de Datos Personales:<\/p>\n\n\n\n<ul>\n<li>En la autorizaci\u00f3n solicitada por OCOBOS SAS ESP se establecer\u00e1 como m\u00ednimo: (i) La identificaci\u00f3n completa de la persona de quien se recopilan Datos Personales; (ii) La Autorizaci\u00f3n a que hace referencia el numeral 7.2 anterior; (iii) La finalidad del Tratamiento de los Datos Personales, y; (iv) Los derechos de acceso, correcci\u00f3n, actualizaci\u00f3n o supresi\u00f3n de los Datos Personales suministrados por el Titular de los mismos.<\/li>\n<\/ul>\n\n\n\n<ul>\n<li>El formato f\u00edsico y escrito de Autorizaci\u00f3n a implementar por OCOBOS SAS ESP, y sus caracter\u00edsticas estar\u00e1 contenido en el procedimiento respectivo.<\/li>\n\n\n\n<li>Ser\u00e1 responsabilidad de la Secretar\u00eda General &#8211; Direcci\u00f3n de Atenci\u00f3n al Ciudadano y Secretar\u00eda de Tecnolog\u00edas de la Informaci\u00f3n Y Comunicaciones -TIC &#8211; Direcci\u00f3n de Gobierno en l\u00ednea, adoptar las medidas necesarias para mantener registros de cu\u00e1ndo y c\u00f3mo se obtuvo autorizaci\u00f3n por parte de los Titulares.<\/li>\n\n\n\n<li>Los Titulares de Datos Personales podr\u00e1n solicitar en cualquier momento y sin limitaci\u00f3n de ninguna \u00edndole, la supresi\u00f3n de sus datos y\/o revocar la autorizaci\u00f3n otorgada para el tratamiento de los mismos.<\/li>\n<\/ul>\n\n\n\n<p><strong>PAR\u00c1GRAFO:<\/strong>&nbsp;Ser\u00e1 obligaci\u00f3n de OCOBOS SAS ESP y en particular de la Secretar\u00eda General &#8211; Direcci\u00f3n de Atenci\u00f3n al Ciudadano y Secretar\u00eda de Tecnolog\u00edas de la Informaci\u00f3n Y Comunicaciones -TIC &#8211; Direcci\u00f3n de Gobierno en l\u00ednea, llevar registro y tener soporte de todas las autorizaciones emitidas por el Titular. Todos los soportes deber\u00e1n estar disponibles en todo momento mientras se lleve a cabo el Tratamiento de Datos Personales y cinco (5) a\u00f1os m\u00e1s. Para el almacenamiento OCOBOS SAS ESP podr\u00e1 emplear medios inform\u00e1ticos, electr\u00f3nicos o cualquier otra tecnolog\u00eda.<\/p>\n","protected":false},"excerpt":{"rendered":"<p>OCOBOS SAS ESP dando cumplimiento a los art\u00edculos 15 y 20 de la Constituci\u00f3n Pol\u00edtica de Colombia, a la Ley Estatutaria N\u00ba1581 de 2012, sus Decretos Reglamentarios y el desarrollo jurisprudencia! dado por la Corte Constitucional, garantiza de forma integral la protecci\u00f3n y el ejercicio del derecho fundamental de Habeas Data a todos los titulares [&hellip;]<\/p>\n","protected":false},"author":1,"featured_media":0,"parent":0,"menu_order":0,"comment_status":"closed","ping_status":"closed","template":"","meta":{"om_disable_all_campaigns":false,"_mi_skip_tracking":false},"aioseo_notices":[],"_links":{"self":[{"href":"https:\/\/ocobosesp.com\/index.php\/wp-json\/wp\/v2\/pages\/468"}],"collection":[{"href":"https:\/\/ocobosesp.com\/index.php\/wp-json\/wp\/v2\/pages"}],"about":[{"href":"https:\/\/ocobosesp.com\/index.php\/wp-json\/wp\/v2\/types\/page"}],"author":[{"embeddable":true,"href":"https:\/\/ocobosesp.com\/index.php\/wp-json\/wp\/v2\/users\/1"}],"replies":[{"embeddable":true,"href":"https:\/\/ocobosesp.com\/index.php\/wp-json\/wp\/v2\/comments?post=468"}],"version-history":[{"count":1,"href":"https:\/\/ocobosesp.com\/index.php\/wp-json\/wp\/v2\/pages\/468\/revisions"}],"predecessor-version":[{"id":469,"href":"https:\/\/ocobosesp.com\/index.php\/wp-json\/wp\/v2\/pages\/468\/revisions\/469"}],"wp:attachment":[{"href":"https:\/\/ocobosesp.com\/index.php\/wp-json\/wp\/v2\/media?parent=468"}],"curies":[{"name":"wp","href":"https:\/\/api.w.org\/{rel}","templated":true}]}}